he units digit of n?
2
Suppose 0 = 6*q - 9*q. Suppose -r - b = q, 3*b + 2 = -4*r + 1. What is the units digit of (r - (-2 - -4)) + 13?
0
Suppose 5*q + 7632 - 878 = 3*y, 2250 = y - q. What is the units digit of y?
8
Let t(u) = -9*u + 16. Let c be t(-7). Let f = c - 119. Let w = f - -83. What is the tens digit of w?
4
Suppose 0 = 4*q - 9*q - 15, 5*q = 2*j + 3. Let d(k) = 3*k**2 + 15*k + 21. What is the hundreds digit of d(j)?
1
What is the tens digit of 11*(-24)/(-88) + 2613 + -1?
1
Let z(k) = k + 25. Let s be z(2). Suppose -s*j = -17*j - 1490. What is the tens digit of j?
4
Suppose -3*p = -2*n - 656, 688 = 4*p - 3*n - 186. What is the tens digit of p?
2
Suppose 5*w + 62 = -c, -5*c = -2*w + 4*w + 34. Let f = w + 26. Suppose -37 = -4*b - x, -5*b + f = -3*b + 2*x. What is the tens digit of b?
1
Let f(o) = o**3 - 15*o**2 - 20*o - 12. Let z(s) = -6*s**3 + 76*s**2 + 101*s + 60. Let y(i) = 11*f(i) + 2*z(i). What is the tens digit of y(-12)?
6
Suppose z + 4 = 4*z - 4*w, -5*z + 28 = 4*w. Suppose 3 = -z*v + v. What is the units digit of v/2 - (-133)/14?
9
Let p(q) = q**2 + 9*q + 14. Let b be p(-6). What is the tens digit of 446/4 - (-2)/b?
1
Suppose 5*x - 5 = -0*x. Suppose -27 = -o + 4*d, -4*d = o - d + x. What is the tens digit of o?
1
Suppose v + 7 = -l + 18, 4*v = l - 16. Let i(j) = -l*j + 4 - 5 + 4. What is the tens digit of i(-4)?
5
Suppose 3*l - 653 = -2*y + 2*l, 0 = 5*y - l - 1629. What is the units digit of y?
6
Suppose 0 = 3*v - 5 + 17. Suppose 3 = f - 5*o - 13, o + 20 = 3*f. What is the units digit of (-63)/f*v/6?
7
Suppose 3*o - 4*i - 32 = 0, -o - 3*i + 4*i = -9. Suppose 4*v + x = 2*x + 281, -2*v - o*x = -154. What is the tens digit of v?
7
Let l be (-3 - -5 - 28)/((-2)/12). Let s = 29 + l. What is the units digit of s?
5
Let z(k) = k**3 + 14*k**2 + 5*k - 11. What is the hundreds digit of z(-11)?
2
Let j = -39 - -34. What is the tens digit of 1/(j/(-36))*80/12?
4
Let k(u) = -11*u**3 + u**2 - 4*u + 1. Let l be k(2). Let w = 172 + l. What is the units digit of w?
1
Suppose 3*c = 6*c + 5*n - 1300, -2*n + 434 = c. What is the units digit of c?
0
Suppose -4*j = -4*z + 508, 7*j - 9*j = -4*z + 498. What is the units digit of z?
2
Let n(f) = f + 12. Suppose -4*p = -9*p - 35. Let j be n(p). Suppose j*g - 72 = g. What is the units digit of g?
8
Let t = -21 + 26. Suppose f - b - 11 = t*f, -5*f - 18 = -3*b. Let p(i) = -3*i**3 - 2*i**2 + 5*i - 4. What is the units digit of p(f)?
4
Suppose -10*c = -8*c - 210. Suppose 0*r = -5*r + c. What is the units digit of r?
1
Let j be ((-69)/(-4))/(4/48). Let m = -99 + j. What is the hundreds digit of m?
1
Let n = 35 - 29. What is the units digit of n/(-21) - (-395)/35?
1
Suppose -4*x + 48 = -0. Suppose -5*p + 13 = -x. Suppose 4*m - 171 = m - l, p*l = -4*m + 228. What is the units digit of m?
7
Let n be ((-1 - 0) + -4)*(-774)/215. Suppose n*i - 1095 - 867 = 0. What is the tens digit of i?
0
Suppose 44*c - 54*c = -14310. What is the hundreds digit of c?
4
Suppose c + 11 = 16. Suppose x - c*x + 108 = 0. Suppose 5*t + 7 - x = 0. What is the units digit of t?
4
Suppose -22*z + 13*z + 243 = 0. Let f(u) = 19*u**2 + 3*u + 2. Let w be f(-2). What is the units digit of 3/2*w/z?
4
Suppose -5*b + 19 = -1. Suppose -b*r = r - 330. Suppose 3*z = -0*z + r. What is the units digit of z?
2
Suppose 5*w + 1 = -4*z + 2, 2*z + 5*w - 3 = 0. Let m be (1/2)/z*10. Let o(p) = p**3 + 7*p**2 + 7*p + 4. What is the tens digit of o(m)?
1
Let i(b) be the second derivative of b**4/12 + 5*b**3/2 + 5*b**2/2 - 2*b. What is the units digit of i(-18)?
9
Let b(v) = -v**3 + 5*v**2 + 3*v - 11. Let o be b(5). What is the units digit of 3/o - 2768/(-64)?
4
Let q(l) = 1 + 8*l**2 - 7*l - l**2 + l**2 - 10*l**2. Let j(w) = 5*w**2 + 14*w - 1. Let k(d) = -3*j(d) - 7*q(d). What is the units digit of k(5)?
6
Let q(d) be the first derivative of 3*d**2/2 + 21*d - 8. What is the units digit of q(20)?
1
Suppose -12710 - 5866 = -12*m. What is the tens digit of m?
4
Let n(u) = 4*u**2 + 15*u - 3. What is the hundreds digit of n(4)?
1
Suppose 3*p - 5*p = 60. Let x = 168 - p. What is the hundreds digit of x?
1
Let f(x) = -75*x + 355. What is the hundreds digit of f(-19)?
7
What is the hundreds digit of (-4 + 76 - (-21)/3)*7?
5
Let x be 79 + (-3 - (-4)/1). Let a = x - -20. What is the hundreds digit of a?
1
Let y(n) = -n**2 - 10*n + 2. Let x be y(-9). Suppose 15*u - 24 = x*u. What is the units digit of u?
6
Suppose 0 = 4*m - 0*b - 5*b - 4855, -4*m + 4831 = 3*b. What is the units digit of m?
0
Let x = -402 + 646. What is the units digit of x?
4
What is the tens digit of (-72 + 1743)/(3/2)?
1
Suppose -2*l - 5*c = -1835, -107 + 1017 = l - 5*c. Suppose 0 = 4*i - 5*g - l, 3*i - i + 3*g - 485 = 0. What is the units digit of i?
5
Suppose b + 2*b - 12 = 0. Let s(m) = m**3 - 2*m**2. Let c be s(2). Suppose c*a + b*a = 72. What is the tens digit of a?
1
Let f be 566/6 - (-2)/(-6). Let y = f - -96. What is the tens digit of y?
9
Let q be 8/3*9/12. Suppose 2*g + g = -r + 1, 0 = q*g + r - 1. Suppose g = 9*v - 4*v - 80. What is the units digit of v?
6
Suppose r = -35*r + 95436. What is the thousands digit of r?
2
Suppose -48*u + 225567 = 18639. What is the units digit of u?
1
Suppose -15*n + 22*n - 1575 = 0. What is the units digit of n?
5
Let c = 1739 + -670. What is the hundreds digit of c?
0
Let x(c) = 86*c**2 + 3*c. Let s be x(-3). Suppose 3*z - 432 = 2*l, 182 = -4*z + 5*l + s. What is the tens digit of z?
4
Let w = 50 - 35. Let m = w + -13. What is the units digit of m?
2
Suppose 3*w + 236 = p - 1775, -4*w + 2032 = p. What is the tens digit of p?
2
What is the hundreds digit of ((-269)/(-3) - 1)/(2/6)?
2
Suppose 5*u = 8 - 3, 4*i = 4*u + 536. What is the units digit of 2/((-3)/i*-6)?
5
Let o(v) = v**3 - 14*v**2 - 10*v + 17. Let w(t) = t**3 - t**2 + t + 1. Let f(g) = o(g) - 2*w(g). What is the tens digit of f(-11)?
2
Let y = 10 - 6. Suppose 3*w = y*w - 2. Suppose w*r - 4 = r. What is the units digit of r?
4
Let u(o) = -3*o**3 - 17*o**2 - 2*o - 14. What is the tens digit of u(-8)?
5
Let q be 6*3 - (-4 - -2). Let a = 34 - q. Suppose 4*o - 2*n = 2*o + a, -3*n = -2*o + 9. What is the units digit of o?
2
Let a = 312 + -165. What is the hundreds digit of a?
1
Suppose c - 5*d - 300 = 0, -5*c + 1145 + 283 = -d. Suppose -c = -5*n - 3*x - x, 0 = -5*n - 2*x + 295. What is the tens digit of n?
6
Let r be 35/7 + -2*2. What is the units digit of ((1 - 0)*(-676)/(-4))/r?
9
Suppose 5*p - 4*p = 3. Suppose 624 = 5*h + p*h. What is the tens digit of h?
7
Let b(o) = -o + 14*o**3 + 0 + 2*o - 13*o**3 + 4. Let t be b(0). Suppose -6*u = -t*u - 60. What is the units digit of u?
0
Suppose 10*x = 7*x + 12, -3*f + 6518 = -4*x. What is the units digit of f?
8
Suppose -u = 2*u - 105. Suppose 7*x - u = -0*x. Suppose -2*b + 133 = x*b. What is the units digit of b?
9
Suppose 25*g - 10395 = 10*g. What is the tens digit of g?
9
Suppose d = -3*d + 800. Suppose 0 = 6*v - 4*v - d. What is the units digit of v?
0
Suppose -4*v = -8*v - 140. Let o = v - -38. What is the units digit of o?
3
Suppose 3*v - 5*r + 348 = -v, -2*v + r = 168. Let h = -31 - v. What is the units digit of h?
1
Suppose 32*w + 3744 = 48*w. What is the units digit of w?
4
Let p = 72 - -63. Suppose -3*y - 9 = 0, -j = 2*y - p + 53. Let g = -63 + j. What is the units digit of g?
5
Let m(g) = -674*g**2 + g + 1. Let s be m(1). What is the units digit of 4/10 - 5/(100/s)?
4
Let d be (0 - -1)*(5 + 40). Suppose 5*h = -0 + d. Suppose 2*v = 0, 0 = p - 4*v + 5*v - h. What is the units digit of p?
9
Let n = 16 - 12. Suppose -n*h + 12 = -3*h. Let s = h - 10. What is the units digit of s?
2
Let l = 2157 - -629. What is the hundreds digit of l?
7
Let h be 39/(-104) - (-70)/16. Let g(z) = 21*z**2 - 7*z + 23. What is the hundreds digit of g(h)?
3
Let d = -161 + 73. Let l = -33 - d. What is the units digit of l?
5
Suppose -6*b + 2*b - 3*h + 11 = 0, -2*h - 6 = -4*b. Suppose -3*m + m + 40 = 0. Suppose 4*y = -t + m + 1, b*y + 39 = 5*t. What is the units digit of t?
9
Let q(s) = 413*s + 409. What is the units digit of q(6)?
7
Let c(i) be the second derivative of -i**3/2 + 33*i**2 + 48*i. What is the units digit of c(-11)?
9
Let m = 2746 + -614. What is the tens digit of m?
3
What is the tens digit of 266020/180 + (15/(-27))/(-5)?
7
What is the units digit of (2 + -8 - -7) + (4